) = 2*n**3 - 13*n**2 + 8*n - 9. Let z be y(6). Suppose 1899 = 4*j + a, j + z*a - 474 = 2*a. What are the prime factors of j?
5, 19
List the prime factors of (-334)/835 + 141822/(-5)*-1.
2, 7, 1013
Let r(w) = 13*w**3 - w**2 + 42*w - 214. What are the prime factors of r(8)?
2, 3, 373
Let n(o) = -o**3 - 5*o**2 - 5*o - 10. Let c be (-2)/(-4) - 156/24. Let s be n(c). Suppose s*l = 62*l - 1230. What are the prime factors of l?
5, 41
Let q = -160 + 169. Suppose l + 2*b = 375, -2*l + q = 5*b - 743. List the prime factors of l.
7, 53
Suppose -3*u - 21 - 12 = -3*c, 0 = 2*u - 5*c + 16. Let x(a) = -a - 11. Let p be x(u). Suppose -2*z + 144 = -5*r, -3*r - 8 = -p. List the prime factors of z.
67
Let b = 46 - 124. Let z be -4 - b/10 - 3/(-15). List the prime factors of z/18 + 2116/36.
59
Let k be (-2 + -4 + -40)*(-1)/2. Suppose v - k = 91. List the prime factors of v.
2, 3, 19
Suppose -c = 5*x - 38455, -183*c + 188*c - 192435 = -5*x. What are the prime factors of c?
5, 7699
Let s be (-5 - (-21)/(-3))*3/2. What are the prime factors of (12/s)/(2/9) + 369?
2, 3, 61
Suppose -3*p - 25 = 5*u, -4*p + 1 = u + 6. Suppose p = 22*b - 12713 - 4865. List the prime factors of b.
17, 47
Suppose 14*c - 6468 = 10*c - 4*w, -5*c = 4*w - 8090. What are the prime factors of c?
2, 811
Let a = 10910 - -25782. List the prime factors of a.
2, 9173
Let x be 1/(3/(-12)*(-2)/1636). Suppose 5*f - x = -3*f. What are the prime factors of f?
409
Let t(b) = b**2 - 6*b + 80. Let v = 180 - 165. What are the prime factors of t(v)?
5, 43
Let t(a) = a**3 + 49*a**2 - 193*a - 224. List the prime factors of t(-44).
2, 7, 641
Let c(h) = -h**3 - 7*h**2 - 3*h + 5. Let f be c(-6). Suppose -19*w + 2*j = -14*w - 12, 7*j + 3 = -2*w. List the prime factors of (w - 1) + f + 98.
2, 43
Suppose -3*h + 30 = 3*f, -5*f = -h - 21 + 1. Let a = h - 20. Let g(z) = z**2 + 9*z - 29. What are the prime factors of g(a)?
61
Suppose 0 = -97*p + 37941 + 711772. What are the prime factors of p?
59, 131
Let y = 31 + -31. Suppose q + v = y, 3*q - 24 = 3*v - 0*v. Suppose q*f = -7*f + 264. List the prime factors of f.
2, 3
Let v(q) = -16*q - 10. Suppose -3*h + y = -77, h - 93 = -2*h - 3*y. Suppose 4*p + h = 11. What are the prime factors of v(p)?
2, 3
Suppose -5*m = -z - 18995, 496*m + z = 495*m + 3799. List the prime factors of m.
29, 131
Suppose 4*x = 5*x + 3*a - 1717, 2*x - 4*a = 3484. Suppose -35*p = -31*p - x. What are the prime factors of p?
433
Suppose -j = -2, 0*b = -5*b - 2*j + 254. Let p be b/15 - (3 + 24/(-9)). Let m(w) = 8*w**2 - 3*w - 5. List the prime factors of m(p).
2, 29
Let u(y) = 4*y - 30. Let x(q) = -q**2 - 22*q - 35. Let j be x(-17). Suppose -14*h + 12*h = -j. What are the prime factors of u(h)?
2, 5, 7
Let a(q) = -25*q - 89. Let t be a(-27). Suppose 2*c = -4*v + 1164, -c + v + v + t = 0. What are the prime factors of c?
2, 73
Let b = 447 + 31. Suppose -5*s + b = 8*p - 7*p, 0 = -3*s - 3. List the prime factors of p.
3, 7, 23
Suppose 7*q + 2 = -5. Let t(v) = -346*v - 4. Let b be t(q). Suppose -f + 7*f = b. List the prime factors of f.
3, 19
Let d = 39 - 90. Let b = 118 - -4. Let q = d + b. What are the prime factors of q?
71
Let g(v) = 2*v - 4*v - 4 + 3*v + 0*v. Let k be g(7). Suppose -2*c + 5*i + 610 = k*c, 4*c - 488 = -2*i. What are the prime factors of c?
2, 61
Suppose -3*p - 94*c + 91*c + 36204 = 0, 2*c + 4 = 0. What are the prime factors of p?
2, 5, 17, 71
List the prime factors of 4 + (-6)/(-10) + 487927/55.
2, 7, 317
Let n = 51888 + 37971. What are the prime factors of n?
3, 7, 11, 389
Suppose 0 = -j - 3, 18*m - 2*j = 14*m + 262450. List the prime factors of m.
7, 13, 103
What are the prime factors of (218/9156)/(2/12) + (-198421)/(-7)?
2, 14173
Let g be (-1 + -12269)/((-24)/16) - -3. Suppose 0 = 18*n - 4867 - g. What are the prime factors of n?
5, 29
List the prime factors of (0 + 1 - 2) + (84 - 48) + 35938.
3, 7, 571
Let x(i) = 32*i + 44. Suppose -5*w = 5*w - 90. What are the prime factors of x(w)?
2, 83
Suppose 37*o - 602514 = 4*o. List the prime factors of o.
2, 3, 17, 179
Let g be 2/30*-2 - 257860/(-75). Suppose 140*w - 149*w + g = 0. List the prime factors of w.
2, 191
Suppose 12*t + 15 = 15*t. Suppose t*r - 98 + 23 = 0. Suppose 0 = 3*b, -3*b - 69 = -4*u + r. List the prime factors of u.
3, 7
Let n be 2372 - -16 - ((-2)/1 + 2). Let t = -1160 + n. List the prime factors of t.
2, 307
Suppose -4*n + 5*x + 101457 + 97015 = 0, 3*x = 4*n - 198488. What are the prime factors of n?
2, 19, 653
List the prime factors of (630/35)/(2/218).
2, 3, 109
Let r = -227 + 561. Suppose 4*o + 2058 - r = 0. Let w = -206 - o. What are the prime factors of w?
3, 5
Suppose 0 = 9*t + 1058 + 2254. Let q = 373 + t. List the prime factors of q.
5
Let m = 652 + -683. Suppose -528 = -2*a + 5*a. Let w = m - a. What are the prime factors of w?
5, 29
Suppose 2*y = -3*l - 2 + 1, 0 = -3*y + 2*l + 18. Suppose 0 = f - 19 - y. Suppose a - f = 45. What are the prime factors of a?
2, 17
Suppose -x - 5*l = -7417, 87*l - 85*l = x - 7459. List the prime factors of x.
11, 677
Suppose -46*w - 4513 = -28801. What are the prime factors of w?
2, 3, 11
Suppose 0 = 26*a + 27671 - 75550 - 266513. What are the prime factors of a?
2, 3023
Let x(j) = j**2 + 8*j + 4. Let d be x(-8). Suppose -3*v = 12, 218 = d*o + 4*v - 574. Let q = 289 - o. List the prime factors of q.
3, 29
Let a(g) = -864*g - 2137. What are the prime factors of a(-13)?
5, 17, 107
Let o(g) = g - 5. Let u be o(4). Let j be (u - 12/(-9))*6. Suppose -134 = -5*t - 2*z + 261, -164 = -j*t - 2*z. List the prime factors of t.
7, 11
Let s(r) = 9*r + 144. Let d be s(-10). Suppose 3*y + w - 482 = -d, 0 = 5*y - 3*w - 690. What are the prime factors of y?
3, 47
Let w(y) = 2*y - 9. Let p be w(7). Suppose p*j - 2*h - 2 = 0, j - 3*h - 2*h + 18 = 0. Suppose 3*u - 49 = -j*c, c + 4*c - 46 = -3*u. List the prime factors of u.
17
Let m(x) = x**3 - 8*x**2 - 18*x - 8. Let f(z) = -z**2 + 13*z - 30. Let o be f(8). Let s be m(o). Suppose 6*w + 0*w - s = 0. What are the prime factors of w?
2
Let t = -18 - -12. Let f be -2 - t - (-2)/(-2). Suppose -s - 125 = -2*u, -f*u + 2*s = s - 190. List the prime factors of u.
5, 13
Let i be 2/(-16) - 1*(-33817)/(-56). Let l = i + 1212. List the prime factors of l.
2, 19
Suppose -33*f + 71400 = -13*f. Suppose 18*h = -12*h + f. What are the prime factors of h?
7, 17
Let t = 521 + -520. Let x(j) = 569*j**3 + 9*j - 8. What are the prime factors of x(t)?
2, 3, 5, 19
List the prime factors of ((-20)/14)/((-16)/208180) + (-15)/10.
2, 9293
Suppose 3*u - 7692 = -3*y, 3*u + 10*y = 6*y + 7689. Suppose -6*n - 293 = -u. List the prime factors of n.
379
Let z be (-6 - 259/(-42))*0. Suppose 5*a - l - 2103 = z, -2*a + 2*l + 1259 = 421. List the prime factors of a.
421
Suppose -d = -127 + 119. Suppose -3*l + 219 = h, -2*h - d*l + 9*l + 445 = 0. List the prime factors of h.
2, 3, 37
Let z = 62196 - 42135. List the prime factors of z.
3, 743
Suppose 58421 + 77689 = 15*s. What are the prime factors of s?
2, 13, 349
Let v(a) = 13*a**2 - a - 38. Let m be 61/(-9) - 1 - (-46)/(-207). What are the prime factors of v(m)?
2, 401
Let l be (-1)/2 - 44/(-8). Suppose l*d - q - 2*q + 75 = 0, -4*q - 40 = 5*d. List the prime factors of (-1)/((-9)/d + -1) - -286.
2, 5, 29
Let q(a) = -a**3 + a**2 + 4*a - 6. Let m be q(3). Let f(o) = -8*o + 32. Let l be f(m). Suppose 2*g = 2, -2*v - l = -4*v - 2*g. What are the prime factors of v?
3, 7
Let o(m) = -416*m + 450. List the prime factors of o(-63).
2, 3, 1481
Let x(l) = -18*l + 90. Let h be x(6). List the prime factors of (-2198)/h + (-33)/297.
2, 61
List the prime factors of (4/(-6))/((-981768)/(-3436335) + (-14)/49).
5, 10909
Suppose -10*t - 1541 = 739. Let j = t - -2225. List the prime factors of j.
1997
Let f(d) = -225*d - 4. Let y(o) = -113*o - 2. Let c(g) = 6*f(g) - 11*y(g). Let k = -2562 + 2561. What are the prime factors of c(k)?
3, 5, 7
Let w = -64919 + 119927. What are the prime factors of w?
2, 3, 191
Let v(r) = -782*r + 337. What are the prime factors of v(-12)?
9721
Let c(k) = -20*k. Suppose 13 - 11 = -2*a. What are the prime factors of c(a)?
2, 5
Let m(c) = 2398*c**3 + 4*c - 3. Let r be m(1). Suppose 22*o - r = 1979. What are the prime factors of o?
199
Let o = 75 - 73. Suppose -o*a + 548 = -3*s + 1680, -5*a = -2*s + 773. List the prime factors 